rime factors of p?
7
Suppose -2*y + 3*y = 4. Let v(d) = 14*d**2 - 4*d - 20. Let x(k) = -5*k**2 + k + 7. Let c(h) = 3*v(h) + 8*x(h). What are the prime factors of c(y)?
2, 3
Suppose 0 = -l + 2 + 3. List the prime factors of l.
5
Let k(m) = m - 1. Let u(j) = -7*j. Let t(g) = -6*k(g) - u(g). List the prime factors of t(-3).
3
What are the prime factors of (226*(-3 - -4))/(4 - 2)?
113
What are the prime factors of -2 + 40/(-3)*-12?
2, 79
Let i = 24 - 12. What are the prime factors of i?
2, 3
Suppose 3*b + 4*n = 261, -6*b = -b + n - 435. List the prime factors of b.
3, 29
Let z = -5 - -9. Let u(r) = -r**2 - 5*r + 4. Let t be u(-5). Suppose -v = -z*b - t*v + 21, -12 = -4*v. List the prime factors of b.
3
Suppose 0*p + 5*p - 57 = -4*k, 3*p = 4*k - 49. What are the prime factors of k?
13
Suppose 2*z - 2 = z. Let g be -2 - (-10*z - 2). Suppose -6*a + g = -a. List the prime factors of a.
2
Let f = 78 - 7. List the prime factors of f.
71
Suppose 11 + 9 = 5*g. List the prime factors of g.
2
Let v be (-1 - 1)*10/(-20). Let d(s) = 3*s**2 - 2*s + 1. List the prime factors of d(v).
2
Let z = 207 - 158. What are the prime factors of z?
7
Suppose -2*l + l - 42 = -d, 44 = d - 3*l. List the prime factors of d.
41
Suppose 4*k = -5*h + 152, 2*h - 4 = 4. What are the prime factors of k?
3, 11
Let q(o) = 202*o**2 + 2*o - 1. What are the prime factors of q(1)?
7, 29
Let g(v) = v**2 + 12*v + 2. Suppose 25 = -4*o - o, 5*w - 4*o = -40. What are the prime factors of g(w)?
2
Suppose 8 = 3*c - 4*c + 4*g, 5*g = 10. Suppose -5*k + 2*x - 4*x = -6, -4*x + 12 = c. Let i = 5 + k. List the prime factors of i.
5
Let c = 260 + -108. What are the prime factors of c?
2, 19
Suppose -h - 4*h - 85 = -5*u, 3*u - 2*h = 49. What are the prime factors of u?
3, 5
Let p(j) = 2*j**2 - 5*j - 2. Let a be p(-4). Let l be (a/15)/(1/3). Let q = l - 2. What are the prime factors of q?
2
Suppose -2*d + 14 = 4*y, -23 = -4*d - d - 4*y. Suppose -2*x + 52 = -14. Suppose x = d*a - 4*s, 3*s - 9 = 6*s. What are the prime factors of a?
7
Let m be 19/5 + (-4)/(-20). Suppose 2*p - m - 2 = 0. Suppose -3*k + 38 = 2*k - 3*l, 0 = -p*l + 12. List the prime factors of k.
2, 5
Let d(n) = 58*n**2 - 1. Let l be d(-1). Suppose -5*y + 0*y + 5*a = -30, 5*y + 4*a = l. Suppose -y = -q - 4. List the prime factors of q.
5
Let z = 28 + 61. What are the prime factors of z?
89
Suppose 458 = 2*z - 5*q + 3*q, -3*q - 12 = 0. List the prime factors of z.
3, 5
Let j be (-1)/(-1*(-1)/(-4)). Suppose -5*h - 4*f + 25 = 0, -4*h = -j*f - 28 + 8. Let v = h + -1. What are the prime factors of v?
2
Let t(n) = n**2 - 2. Let f be t(2). Let a = 3 + f. List the prime factors of a.
5
Let a be 4/(-4)*(-2 + 1). Suppose 3*y = 5*x - 31, -2*x - 4*y = -1 - a. What are the prime factors of x?
5
Suppose 5*x + 2 = -5*k + 32, 0 = x - 2*k. Let q(v) = v + 3. What are the prime factors of q(x)?
7
Suppose 12 = 4*j - j. Let o(f) = -f**3 + 5*f**2 - 2*f - 2 + 0*f**3 + 0*f**3. What are the prime factors of o(j)?
2, 3
Let r = -19 - -93. List the prime factors of 10/20*r/1.
37
Let t = -52 + 76. What are the prime factors of t?
2, 3
Let y be (1 - 6)*(-84)/(-20). What are the prime factors of 274/6 - (-14)/y?
3, 5
Let v(a) = -3*a + 3. Let n be v(-7). Suppose -n = -6*f + 3*f. Let t = f - 5. List the prime factors of t.
3
Let k = -2 + 6. Suppose -2*j - k + 10 = 0. List the prime factors of (-99)/6*(-2)/j.
11
Let n be ((-12)/10)/((-4)/20). Let q = -2 + n. What are the prime factors of q?
2
Suppose -3*p - 78 = -2*h - 0*p, -4*h + 2*p = -164. What are the prime factors of h?
2, 3, 7
Let s(k) = -k**3 - 3*k**2 + 3. Let z be s(-3). Suppose 5*t = z*t - 38. Let m = t + 35. What are the prime factors of m?
2
Let j = -6 - -4. Let v = 4 + j. List the prime factors of (1/v)/(2/16).
2
Let c(r) = -r**3 + 7*r**2 - 2*r. What are the prime factors of c(4)?
2, 5
Let w = 51 + -31. List the prime factors of (10/(-8))/((-1)/w).
5
Suppose 0 = -2*x + 4*x - 56. Let a = x - 18. What are the prime factors of (-1)/((-11)/a + 1)?
2, 5
Suppose 0 = -4*x - 2*c + 3*c + 324, 3*c = 12. List the prime factors of x.
2, 41
Let z(w) = 7*w**2 - 2*w + 1. Let x be z(1). Suppose 2*g = g + 5. Suppose 0 = 3*d - g*i + x, 4*i - 14 = -d + 1. What are the prime factors of d?
3
Let y = -5 + 6. Suppose -3*o + l + 21 + y = 0, -6 = -3*o - 3*l. List the prime factors of o.
2, 3
Let j = -110 - -161. Let y be (116/16)/((-3)/(-12)). Suppose 5*f - j = y. What are the prime factors of f?
2
Suppose l - 3*m - 38 = -8*m, -2*l - m + 49 = 0. Let i = l - -4. List the prime factors of i.
3
Let d(p) = -7*p + 5. Let b(l) = -l + 1. Let g(c) = -6*b(c) + d(c). List the prime factors of g(-5).
2
Let z = 18 - 18. Suppose t + 101 = 2*o - 6, -4*o - 2*t + 226 = z. List the prime factors of o.
5, 11
Let z(b) = -b**3 - 5*b**2 - 4*b - 3. Let u be z(-3). Let x = u - -15. List the prime factors of (-4)/x - (-104)/12.
2
Let k be (-2)/8 + (-36)/(-16). Suppose 7*l + m - 17 = 4*l, -k*l + 3*m = -15. List the prime factors of l.
2, 3
Suppose 2*z - 101 = -3*c, c + 4*c - 195 = 2*z. What are the prime factors of c?
37
Suppose 32 = c + 3*c. What are the prime factors of c?
2
Let q(p) = -p**2 + 9*p - 3. Let c be q(8). Let g be 7/(70/12)*c. Suppose s + 65 = g*s. List the prime factors of s.
13
Let z(p) = -p**2 - 4*p - 2*p**2 + p**2 - 3. Let j be z(-3). Let f = 14 + j. List the prime factors of f.
5
Let h = 12 - -6. Let i = 8 - h. List the prime factors of (-2)/i - (-19)/5.
2
Let j(u) = 0 - 10 - 8*u**2 - 9*u - u**3 + 3. Let y be j(-7). Let x = y + -4. List the prime factors of x.
3
Let h = -159 + 224. What are the prime factors of h?
5, 13
List the prime factors of 18 + 1 + -4 - 0.
3, 5
Suppose 0 = 16*a - 11*a - 25. Suppose 2*f - 37 = a*x, 24 = 2*f - 4*x - 10. List the prime factors of f.
11
List the prime factors of (-10 - (0 + 3))/(-1).
13
What are the prime factors of (-165)/(-2) - -1 - 3/2?
2, 41
Let j = 12 + -10. List the prime factors of (j - -1) + 4 + -2.
5
List the prime factors of 1 + (2 - 2) + 1.
2
Suppose -2*t = -0*t - 6. Let m = t - 11. List the prime factors of 1 - (-1 - -2) - m.
2
Suppose 3*z + 2 - 8 = 0. Suppose z*p = 7*p - 25. Suppose -p + 21 = 2*i. What are the prime factors of i?
2
Suppose p - 5*c - 51 = 66, -3*c = 2*p - 195. What are the prime factors of p?
2, 3, 17
Let z(n) = n**3 - 13*n**2 - 12*n - 8. List the prime factors of z(14).
2, 5
Let z(j) = j**3 + 7*j**2 - 5*j - 9. List the prime factors of z(-6).
3, 19
Let l(q) = -q + 6. Let k be l(5). Suppose p = k, 2*p = -5*d - 3*p + 100. List the prime factors of d.
19
Let x(g) = g**2 - 11*g - 1. What are the prime factors of x(12)?
11
Let o = 27 - 11. What are the prime factors of o?
2
What are the prime factors of 10/(-3)*((2 - 5) + 0)?
2, 5
Let j be (-12)/(-10)*(-10)/(-3). Suppose -j*f + 44 + 20 = 0. What are the prime factors of f?
2
Let y be (-4)/(-20) + 11/(-5). Let f(p) = -2*p + 1. Let r be f(y). Let k = 15 - r. What are the prime factors of k?
2, 5
Let p(n) = -n - 2. Let f be p(-4). Suppose 2*i = 3*i - f. Let h = 8 - i. List the prime factors of h.
2, 3
List the prime factors of (-379)/(-5) - (-2 - 54/(-30)).
2, 19
Suppose 0*q = -q + 46. What are the prime factors of q?
2, 23
Let t be -6*(-3)/2 + -2. Let z(h) = -h**3 + 8*h**2 - 5*h - 8. What are the prime factors of z(t)?
2, 3
List the prime factors of 1304/20 - (-8)/10.
2, 3, 11
Let i be (-3)/(-18) + 13/(-6). Let r(g) = 22*g**2 - 2*g - 1. Let q be r(i). Suppose -3*j - 22 = -v, 7*v - 2*v + 4*j = q. List the prime factors of v.
19
Let i(h) = 2*h**2 - 3*h - 3. Let l be i(-2). Suppose 3*g - 13 = l. What are the prime factors of g?
2
Suppose n + 3*n - 12 = 0. What are the prime factors of n/((-4)/((-156)/9))?
13
Suppose 0 = -0*z - 3*z + 561. List the prime factors of z.
11, 17
Suppose -7*j + 2*j + 159 = -v, j + 2*v = 34. What are the prime factors of j?
2
List the prime factors of (1 + -2)*(-31)/1.
31
Let c(x) = -1 + 0*x + x**2 + x + x**2. List the prime factors of c(1).
2
Let o = 25 + -15. Suppose 0 = -2*c - 0*c + o. What are the prime factors of c?
5
List the prime factors of (-5 + 324/4)/2.
2, 19
Let k(l) = -4*l - 7 + 3*l**2 + 87*l**3 - 11*l**2 - 88*l**3. List the prime factors of k(-8).
5
Let z(t) = 10*t - 1. Suppose s = -2*s + 3. List the prime factors of z(s).
3
Suppose -3*o = -s + 61, 94 = 3*s - 4*o - 64. List the prime factors of 